?
5
Suppose y = -16 + 48. Suppose 4 = 4*w - y. Let i(t) = 2*t**2 - 13*t - 4. What is the units digit of i(w)?
1
Suppose z = -4*k - 2*z + 14, 2*z - 10 = -3*k. Suppose -k*b - 261 = -5*b. What is the tens digit of b?
8
Let f be -12 + -3 + -2 - -2. Let a = 98 + f. What is the tens digit of a?
8
Let y(c) = 7*c**3 + 2*c**2 - 3*c - 7. What is the tens digit of y(3)?
9
Let d(i) = i**2 - 9*i + 10. Let q be d(6). Let j = 6 + q. What is the units digit of ((-1)/3)/(j/78)?
3
Let y(c) = 2*c**3 + 4*c**2 - 17*c - 12. What is the units digit of y(7)?
1
Let j(d) = 1290*d**2 + 5*d - 4. What is the hundreds digit of j(1)?
2
Suppose 4*x = 7*x - 9. Suppose 841 = x*d - v + 146, v - 691 = -3*d. What is the tens digit of d?
3
Let a(p) = 3*p**2 - 9*p + 2. Let f(z) = 4*z**2 - 10*z + 3. Let i(k) = 5*a(k) - 4*f(k). Let j be i(-4). Suppose 0*m + j*m = 36. What is the tens digit of m?
1
What is the tens digit of ((-150)/45)/((-6)/261)?
4
Let n = -481 + 843. Suppose -5*h + n = -408. What is the units digit of h?
4
Let k(i) = i**3 + 8*i**2 - 9*i + 16. Suppose 0 = 5*r + 3*u + 12 + 21, -20 = -5*u. Let l be k(r). Suppose -3*a + l = -38. What is the units digit of a?
8
Let o(y) = -y + 8. Let p be o(0). Suppose -9*l + 26 = p. What is the units digit of l?
2
Let m(a) = 2*a**2 + 16*a - 96. What is the tens digit of m(-33)?
5
Let y = -952 - -3549. What is the units digit of y?
7
Let x = -384 - -628. What is the hundreds digit of x?
2
Suppose 2*m = 4*m + 3*l - 3841, 7679 = 4*m + 5*l. What is the hundreds digit of m?
9
Let s(t) = 2*t**2 - 92. What is the thousands digit of s(-24)?
1
Let h = 1459 - 952. What is the tens digit of h?
0
Let r be (-4176)/(-16) + -2 + -2. Suppose 0 = 11*i - r - 436. What is the units digit of i?
3
Let g(b) = 9*b**2 - 9*b + 23. What is the tens digit of g(-6)?
0
Suppose 27*n - 32*n - 1147 = -2*r, -2*n = -10. What is the units digit of r?
6
What is the tens digit of (-2558)/(-4) - 294/(-196)?
4
Let v = 409 + -719. Let b = v + 435. What is the hundreds digit of b?
1
What is the tens digit of (-133492)/(-23)*(-9)/(-12)?
5
What is the hundreds digit of (3/(-2))/((-168)/50512)?
4
Let p = 70 - -28. Let q = -16 + p. What is the tens digit of q?
8
Let n(r) = 59*r**2 + 16*r + 22. What is the hundreds digit of n(-3)?
5
Let i(h) = -4*h**3 - 6*h**2 + 11*h + 22. What is the hundreds digit of i(-5)?
3
Let k = 2686 + -417. What is the hundreds digit of k?
2
Let g(l) = -194*l + 41. What is the tens digit of g(-2)?
2
Suppose -12*v + 7*v = 2*y - 17233, -3*v + 10351 = 4*y. What is the units digit of v?
5
Let q be (2 + -5)*30/(-1). Suppose 51 = -5*o - 5*w + 191, 5*o - 5*w - q = 0. What is the units digit of o?
3
Let k = 134 + -128. Suppose -k*p = -202 - 422. What is the units digit of p?
4
What is the tens digit of (5 + -938)*(-3 - 2/(-1))?
3
Suppose -3*i = 3*q - 297, 6*q + 3*i = q + 499. What is the units digit of q?
1
Suppose 0 = -5*t + 5, 0*t = 3*j + 4*t - 4. Suppose -4*r + 8 = -4*o, 4*r + 3*o = -j*o + 8. Suppose d + r*d = 6. What is the units digit of d?
2
Suppose -11*r + 1617 = -10*r + 5*u, 5*r + 2*u - 8062 = 0. What is the units digit of r?
2
Let j be (-3 + 9)/2 + 2. Let r(l) = 6*l**2 - 3*l + 7. What is the units digit of r(j)?
2
Let p(v) = 326*v**2 - 80*v + 246. What is the units digit of p(3)?
0
Let a(m) = -m**3 - 9*m**2 - 11*m - 11. Let c(b) = b**2 - 7*b + 4. Let i be c(3). What is the tens digit of a(i)?
1
Let n = 1521 + -524. What is the units digit of n?
7
Let x(d) = 3*d**2 - 28*d - 146. What is the units digit of x(-5)?
9
Let o be 1 + 1 - 2/(-2*1). Suppose o*a = -4*a + 161. What is the units digit of a?
3
Let g(h) = 79*h**2 + 4*h + 3. Let i be g(2). Suppose 23*f - 20*f - i = 0. What is the units digit of f?
9
Suppose 42*s - 44*s = -60. What is the units digit of s?
0
Let o(w) = w + 1. Let f(z) = -7*z + 6. Let k(n) = f(n) + 6*o(n). Let b be k(9). Suppose -b*r - 4 = -28. What is the units digit of r?
8
Let j = -536 + 2158. What is the thousands digit of j?
1
Let i be (2/(-6))/(29050/4842 - 6). Suppose -8*v - i = -11*v. What is the units digit of v?
9
What is the hundreds digit of 13*(-6 + -1 - 2595/(-15))?
1
Let o(k) = -3*k**2 + 20*k + 10. Let h be o(7). What is the units digit of (-6)/h + (-1)/(3/(-186))?
0
What is the hundreds digit of 411 - (-5 - (-3 - 0))?
4
Let n(z) = -3*z + 51. Let p be n(17). Suppose 2*t = -3*f + 4*f + 115, 3*t - 4*f - 170 = p. What is the tens digit of t?
5
Suppose 3*z - p = 1751, 5*z + 5*p = 769 + 2176. What is the tens digit of z?
8
Let z = 11 - 13. What is the hundreds digit of z/(-7) - 10620/(-70)?
1
Let l = -13 + 17. Suppose l*u - 2*x = x + 10, 4*x = 8. Suppose i + 0*o + u*o = 41, 39 = i + 2*o. What is the units digit of i?
7
Let x = 645 + -334. Suppose 3*j = -5*o + 588, 4*o - x - 149 = -5*j. What is the hundreds digit of o?
1
Let x(r) = -2*r**2 - 23*r - 5. Suppose -4*q - 43 = t, 2*t + 28 = -4*q - 14. Let m be x(q). Suppose 0 = 7*g - m*g - 59. What is the tens digit of g?
5
Let f = 9 - 6. Suppose -2*z = -f*n - 7, -3*z + 2*z - 3 = 5*n. What is the tens digit of n/(42/(-41) - -1)?
4
Let g(b) = b**3 + 49*b**2 - 76*b + 15. What is the hundreds digit of g(-50)?
3
Let p be 5535/(-9)*2/(-5). Let d = p + -171. What is the tens digit of d?
7
Suppose 21*u + 5778 = 27*u. What is the hundreds digit of u?
9
Let z(o) = -o**3 - 9*o**2 + 11*o - 13. Let r(f) = -3*f**2 + 2. Let i be r(2). Let a be z(i). Let h = 62 + a. What is the units digit of h?
9
Let s = 208 - 71. What is the hundreds digit of s?
1
Let w(h) be the first derivative of -h**4/4 + h**3/3 + h**2/2 + 3*h - 5. Let y be w(0). Suppose 0 = i - 11 - y. What is the units digit of i?
4
Suppose 0*r - 17 = -r. Suppose -5*h + r = -3. Suppose 60 + 48 = h*a. What is the units digit of a?
7
Let w = -34 - -40. Let k(b) be the first derivative of b**3 - 4*b**2 - 3*b + 6. What is the tens digit of k(w)?
5
Let g(s) = s**3 + 6*s**2 + 2*s. Let v be g(-6). Let t be (7 + v)*(-1)/1. Suppose -4*m - t*y + 69 = -0*y, -3*y + 15 = 0. What is the tens digit of m?
1
Let p(g) = -200*g + 96. What is the tens digit of p(-5)?
9
What is the tens digit of (-1)/((-3)/(-18) - (-175)/(-987))?
9
Suppose 4*s + 4 = 52. Let z = 24 - s. Let m = z - 7. What is the units digit of m?
5
Let s(f) = -111*f**2 - 2*f - 5. Let n(t) = -56*t**2 - t - 2. Let i(l) = -5*n(l) + 2*s(l). What is the units digit of i(-1)?
7
Let a be (-4 - -4)/(-4)*(-1)/(-2). Suppose a = 4*r - 5*g - 289, -4*r + r + 4*g = -216. What is the tens digit of r?
7
Suppose -2*u = -5*u + 9. Suppose -2*h - 4 = 0, -10 = -5*r + 2*h + 9. Suppose -u*l = -r - 0. What is the units digit of l?
1
Let w(m) = -m. Suppose 3*i + 0*i - 15 = 2*x, -4*i = -2*x - 18. Let r be w(x). Suppose 0 = -0*p - r*p + 66. What is the units digit of p?
2
Let i = 32 + 0. Suppose -2*h = 4*r - 62, 2*h + 3*h = r - i. What is the units digit of r?
7
Suppose 38*s - 13*s = 10725. What is the hundreds digit of s?
4
Let z(k) = k**2 - k - 7. Suppose 2*r + 4 = -6. Let y = r + 11. What is the units digit of z(y)?
3
Let z(n) = n**3 + 7*n**2 + 1. Let u be z(-7). What is the units digit of u/(4/474) + 2/(-4)?
8
Let b = 185 - -128. What is the hundreds digit of b?
3
Suppose 3*m - 5*n - 6 = 8, 0 = -4*n - 4. Suppose -t + 2*a + 148 = m*t, -3*a = -5*t + 184. What is the units digit of t?
8
Let q be 304/72 - 2/9. Suppose 0*t + q*i + 21 = -t, 4*t + 4*i + 24 = 0. What is the units digit of -3*(t + (-6)/3)?
9
Let l be (8/4 - -24)/2. Let w = -19 + l. What is the units digit of (-200)/w - (-18)/27?
4
Let r(y) = -y - 9. Let t be r(-12). Suppose -2*o = -t*o. Suppose o = 5*d - 351 + 41. What is the tens digit of d?
6
Let m(p) = p**3 + 8*p**2 + p + 1. Let o be m(-6). Suppose -6*j - 160 = 4*d - 4*j, d + 2*j + 43 = 0. Let f = o + d. What is the tens digit of f?
2
Suppose -16*y + 7384 + 17112 = 0. What is the units digit of y?
1
Let g be ((-108)/(-11))/1 + 6/33. Let w = 52 - g. What is the tens digit of w?
4
Suppose 0 = -2*t + 5*o + 629, -4*t + 18*o = 15*o - 1237. What is the hundreds digit of t?
3
Let k = -47 - -98. Suppose 3*s = -s - 2*q + 68, 3*s - 2*q = k. Let y = s + -10. What is the units digit of y?
7
Let o be (-4)/(-14) - 732/14. Let x be 0*(-2)/(-4) + (-10 - 0). Let a = x - o. What is the units digit of a?
2
Suppose 0 = -3*j - 2*j. Suppose j*n + 100 = 5*n. What is the units digit of n?
0
Suppose 6*h + 60 = -r + 3*h, -3*h - 15